CRAN Package Check Results for Package urlchecker

Last updated on 2025-07-05 05:50:42 CEST.

Flavor Version Tinstall Tcheck Ttotal Status Flags
r-devel-linux-x86_64-debian-clang 1.0.1 1.81 19.43 21.24 OK
r-devel-linux-x86_64-debian-gcc 1.0.1 1.55 15.96 17.51 OK
r-devel-linux-x86_64-fedora-clang 1.0.1 31.64 NOTE
r-devel-linux-x86_64-fedora-gcc 1.0.1 31.56 NOTE
r-devel-windows-x86_64 1.0.1 3.00 39.00 42.00 OK
r-patched-linux-x86_64 1.0.1 1.82 16.89 18.71 OK
r-release-linux-x86_64 1.0.1 1.71 16.84 18.55 OK
r-release-macos-arm64 1.0.1 15.00 OK
r-release-macos-x86_64 1.0.1 23.00 OK
r-release-windows-x86_64 1.0.1 4.00 40.00 44.00 OK
r-oldrel-macos-arm64 1.0.1 19.00 OK
r-oldrel-macos-x86_64 1.0.1 19.00 OK
r-oldrel-windows-x86_64 1.0.1 5.00 42.00 47.00 OK

Check Details

Version: 1.0.1
Check: dependencies in R code
Result: NOTE Namespace in Imports field not imported from: ‘xml2’ All declared Imports should be used. Flavors: r-devel-linux-x86_64-fedora-clang, r-devel-linux-x86_64-fedora-gcc