Last updated on 2025-07-05 05:50:42 CEST.
Flavor | Version | Tinstall | Tcheck | Ttotal | Status | Flags |
---|---|---|---|---|---|---|
r-devel-linux-x86_64-debian-clang | 1.5.0 | 390.17 | 291.78 | 681.95 | OK | |
r-devel-linux-x86_64-debian-gcc | 1.5.0 | 276.17 | 198.33 | 474.50 | OK | |
r-devel-linux-x86_64-fedora-clang | 1.5.0 | 1159.21 | OK | |||
r-devel-linux-x86_64-fedora-gcc | 1.5.0 | 1204.51 | OK | |||
r-devel-windows-x86_64 | 1.5.0 | 395.00 | 324.00 | 719.00 | OK | |
r-patched-linux-x86_64 | 1.5.0 | 411.60 | 296.19 | 707.79 | OK | |
r-release-linux-x86_64 | 1.5.0 | 395.68 | 304.12 | 699.80 | OK | |
r-release-macos-arm64 | 1.5.0 | 273.00 | OK | |||
r-release-macos-x86_64 | 1.5.0 | 514.00 | OK | |||
r-release-windows-x86_64 | 1.5.0 | 401.00 | 0.00 | 401.00 | FAIL | |
r-oldrel-macos-arm64 | 1.5.0 | 244.00 | NOTE | |||
r-oldrel-macos-x86_64 | 1.5.0 | 460.00 | NOTE | |||
r-oldrel-windows-x86_64 | 1.5.0 | 505.00 | 416.00 | 921.00 | NOTE |
Version: 1.5.0
Check: PDF version of manual
Result: FAIL
Check process probably crashed or hung up for 20 minutes ... killed
Most likely this happened in the example checks (?),
if not, ignore the following last lines of example output:
> ### plot,unmarkedRanef,missing-method show,unmarkedRanef-method
> ### Keywords: classes
>
> ### ** Examples
>
> showClass("unmarkedRanef")
Class "unmarkedRanef" [package "unmarked"]
Slots:
Name: post
Class: array
>
>
>
> ### * <FOOTER>
> ###
> cleanEx()
> options(digits = 7L)
> base::cat("Time elapsed: ", proc.time() - base::get("ptime", pos = 'CheckExEnv'),"\n")
Time elapsed: 32.38 0.93 33.33 NA NA
> grDevices::dev.off()
null device
1
> ###
> ### Local variables: ***
> ### mode: outline-minor ***
> ### outline-regexp: "\\(> \\)?### [*]+" ***
> ### End: ***
> quit('no')
======== End of example output (where/before crash/hang up occured ?) ========
Flavor: r-release-windows-x86_64
Version: 1.5.0
Check: installed package size
Result: NOTE
installed size is 66.4Mb
sub-directories of 1Mb or more:
R 2.0Mb
doc 1.3Mb
libs 62.1Mb
Flavors: r-oldrel-macos-arm64, r-oldrel-macos-x86_64, r-oldrel-windows-x86_64
Version: 1.5.0
Check: for GNU extensions in Makefiles
Result: NOTE
GNU make is a SystemRequirements.
Flavors: r-oldrel-macos-arm64, r-oldrel-macos-x86_64, r-oldrel-windows-x86_64