Last updated on 2025-07-05 05:50:42 CEST.
Flavor | Version | Tinstall | Tcheck | Ttotal | Status | Flags |
---|---|---|---|---|---|---|
r-devel-linux-x86_64-debian-clang | 0.7 | 11.05 | 109.02 | 120.07 | OK | |
r-devel-linux-x86_64-debian-gcc | 0.7 | 8.10 | 79.01 | 87.11 | OK | |
r-devel-linux-x86_64-fedora-clang | 0.7 | 199.20 | OK | |||
r-devel-linux-x86_64-fedora-gcc | 0.7 | 183.09 | OK | |||
r-devel-windows-x86_64 | 0.7 | 13.00 | 120.00 | 133.00 | OK | |
r-patched-linux-x86_64 | 0.7 | 9.26 | 101.45 | 110.71 | OK | |
r-release-linux-x86_64 | 0.7 | 9.93 | 101.97 | 111.90 | OK | |
r-release-macos-arm64 | 0.7 | 48.00 | OK | |||
r-release-macos-x86_64 | 0.7 | 95.00 | OK | |||
r-release-windows-x86_64 | 0.7 | 13.00 | 123.00 | 136.00 | ERROR | |
r-oldrel-macos-arm64 | 0.7 | 51.00 | OK | |||
r-oldrel-macos-x86_64 | 0.7 | 83.00 | OK | |||
r-oldrel-windows-x86_64 | 0.7 | 14.00 | 159.00 | 173.00 | OK |
Version: 0.7
Check: tests
Result: ERROR
Running 'testthat.R' [29s]
Running the tests in 'tests/testthat.R' failed.
Complete output:
> library(testthat)
> library(tuneRanger)
Loading required package: ranger
Loading required package: mlrMBO
Loading required package: mlr
Loading required package: ParamHelpers
Loading required package: smoof
Loading required package: checkmate
Loading required package: parallel
Loading required package: lhs
>
> test_check("tuneRanger")
Approximated time for tuning: 51Smtry = 2 OOB error = 0.03509283
Searching left ...
mtry = 1 OOB error = 0.0320814
0.08581344 0.05
Searching right ...
mtry = 4 OOB error = 0.03501127
-0.0913264 0.05
mtry = 3 OOB error = 12.10459
Searching left ...
mtry = 2 OOB error = 11.43853
0.05502558 0.05
mtry = 1 OOB error = 11.48276
-0.003866606 0.05
Searching right ...
mtry = 6 OOB error = 11.93465
-0.0433722 0.05
mtry = 3 OOB error = 0.4298561
Searching left ...
mtry = 2 OOB error = 0.4136691
0.0376569 0.05
Searching right ...
mtry = 6 OOB error = 0.392181
0.08764589 0.05
mtry = 9 OOB error = 0.3835668
0.02196476 0.05
Error: mtry can not be larger than number of variables in data. Ranger will EXIT now.
[ FAIL 1 | WARN 0 | SKIP 0 | PASS 6 ]
══ Failed tests ════════════════════════════════════════════════════════════════
── Error ('test_base.R:46:3'): tuneMtryFast ────────────────────────────────────
Error in `ranger(formula, data, dependent.variable.name = dependent.variable.name,
mtry = res[which.min(res[, 2]), 1], ...)`: User interrupt or internal error.
Backtrace:
▆
1. └─mlr::train(learner, lung.task) at test_base.R:46:3
2. ├─mlr:::measureTime(...)
3. │ └─base::force(expr)
4. ├─base (local) fun1(...)
5. ├─base (local) fun2(fun3(do.call(trainLearner, pars)))
6. ├─base (local) fun3(do.call(trainLearner, pars))
7. ├─base::do.call(trainLearner, pars)
8. ├─mlr (local) `<fn>`(.learner = `<srv.tnMF>`, .task = `<SurvTask>`, .subset = NULL)
9. └─tuneRanger:::trainLearner.surv.tuneMtryFast(...)
10. └─tuneRanger::tuneMtryFast(...)
11. └─ranger::ranger(...)
[ FAIL 1 | WARN 0 | SKIP 0 | PASS 6 ]
Error: Test failures
Execution halted
Flavor: r-release-windows-x86_64