CRAN Package Check Results for Package tsoutliers

Last updated on 2025-07-05 05:50:42 CEST.

Flavor Version Tinstall Tcheck Ttotal Status Flags
r-devel-linux-x86_64-debian-clang 0.6-10 8.36 77.82 86.18 NOTE
r-devel-linux-x86_64-debian-gcc 0.6-10 5.82 57.60 63.42 NOTE
r-devel-linux-x86_64-fedora-clang 0.6-10 146.23 OK
r-devel-linux-x86_64-fedora-gcc 0.6-10 148.97 OK
r-devel-windows-x86_64 0.6-10 10.00 101.00 111.00 OK
r-patched-linux-x86_64 0.6-10 7.42 74.21 81.63 OK
r-release-linux-x86_64 0.6-10 8.92 74.52 83.44 OK
r-release-macos-arm64 0.6-10 57.00 OK
r-release-macos-x86_64 0.6-10 89.00 OK
r-release-windows-x86_64 0.6-10 10.00 105.00 115.00 OK
r-oldrel-macos-arm64 0.6-10 42.00 OK
r-oldrel-macos-x86_64 0.6-10 73.00 OK
r-oldrel-windows-x86_64 0.6-10 14.00 128.00 142.00 OK

Check Details

Version: 0.6-10
Check: CRAN incoming feasibility
Result: NOTE Maintainer: ‘Javier López-de-Lacalle <javlacalle@yahoo.es>’ No Authors@R field in DESCRIPTION. Please add one, modifying Authors@R: person(given = "Javier", family = "López-de-Lacalle", role = c("aut", "cre"), email = "javlacalle@yahoo.es") as necessary. Flavors: r-devel-linux-x86_64-debian-clang, r-devel-linux-x86_64-debian-gcc