Last updated on 2025-07-05 05:50:40 CEST.
Flavor | Version | Tinstall | Tcheck | Ttotal | Status | Flags |
---|---|---|---|---|---|---|
r-devel-linux-x86_64-debian-clang | 0.1.1 | 235.13 | 79.74 | 314.87 | OK | |
r-devel-linux-x86_64-debian-gcc | 0.1.1 | 167.75 | 65.87 | 233.62 | OK | |
r-devel-linux-x86_64-fedora-clang | 0.1.1 | 502.53 | OK | |||
r-devel-linux-x86_64-fedora-gcc | 0.1.1 | 525.30 | OK | |||
r-devel-windows-x86_64 | 0.1.1 | 219.00 | 166.00 | 385.00 | OK | |
r-patched-linux-x86_64 | 0.1.1 | 239.42 | 91.72 | 331.14 | OK | |
r-release-linux-x86_64 | 0.1.1 | 229.20 | 89.38 | 318.58 | OK | |
r-release-macos-arm64 | 0.1.1 | 132.00 | OK | |||
r-release-macos-x86_64 | 0.1.1 | 158.00 | OK | |||
r-release-windows-x86_64 | 0.1.1 | 207.00 | 162.00 | 369.00 | OK | |
r-oldrel-macos-arm64 | 0.1.1 | 114.00 | NOTE | |||
r-oldrel-macos-x86_64 | 0.1.1 | 264.00 | NOTE | |||
r-oldrel-windows-x86_64 | 0.1.1 | 191.00 | 190.00 | 381.00 | OK |
Version: 0.1.1
Check: installed package size
Result: NOTE
installed size is 34.5Mb
sub-directories of 1Mb or more:
libs 33.5Mb
Flavors: r-oldrel-macos-arm64, r-oldrel-macos-x86_64