Last updated on 2025-07-05 05:50:40 CEST.
Flavor | Version | Tinstall | Tcheck | Ttotal | Status | Flags |
---|---|---|---|---|---|---|
r-devel-linux-x86_64-debian-clang | 0.1.1 | 2.56 | 72.12 | 74.68 | OK | |
r-devel-linux-x86_64-debian-gcc | 0.1.1 | 1.75 | 50.26 | 52.01 | OK | |
r-devel-linux-x86_64-fedora-clang | 0.1.1 | 112.49 | NOTE | |||
r-devel-linux-x86_64-fedora-gcc | 0.1.1 | 118.33 | NOTE | |||
r-devel-windows-x86_64 | 0.1.1 | 4.00 | 79.00 | 83.00 | OK | |
r-patched-linux-x86_64 | 0.1.1 | 2.46 | 67.40 | 69.86 | OK | |
r-release-linux-x86_64 | 0.1.1 | 2.44 | 66.82 | 69.26 | OK | |
r-release-macos-arm64 | 0.1.1 | 41.00 | OK | |||
r-release-macos-x86_64 | 0.1.1 | 71.00 | OK | |||
r-release-windows-x86_64 | 0.1.1 | 5.00 | 82.00 | 87.00 | OK | |
r-oldrel-macos-arm64 | 0.1.1 | 37.00 | OK | |||
r-oldrel-macos-x86_64 | 0.1.1 | 58.00 | OK | |||
r-oldrel-windows-x86_64 | 0.1.1 | 5.00 | 106.00 | 111.00 | OK |
Version: 0.1.1
Check: dependencies in R code
Result: NOTE
Namespace in Imports field not imported from: ‘e1071’
All declared Imports should be used.
Flavors: r-devel-linux-x86_64-fedora-clang, r-devel-linux-x86_64-fedora-gcc