CRAN Package Check Results for Package speech

Last updated on 2025-07-05 05:50:40 CEST.

Flavor Version Tinstall Tcheck Ttotal Status Flags
r-devel-linux-x86_64-debian-clang 0.1.5 5.90 47.49 53.39 NOTE
r-devel-linux-x86_64-debian-gcc 0.1.5 3.85 36.10 39.95 NOTE
r-devel-linux-x86_64-fedora-clang 0.1.5 82.19 NOTE
r-devel-linux-x86_64-fedora-gcc 0.1.5 76.55 NOTE
r-devel-windows-x86_64 0.1.5 8.00 58.00 66.00 NOTE
r-patched-linux-x86_64 0.1.5 6.50 43.93 50.43 NOTE
r-release-linux-x86_64 0.1.5 6.32 44.05 50.37 NOTE
r-release-macos-arm64 0.1.5 27.00 NOTE
r-release-macos-x86_64 0.1.5 49.00 NOTE
r-release-windows-x86_64 0.1.5 9.00 59.00 68.00 NOTE
r-oldrel-macos-arm64 0.1.5 28.00 NOTE
r-oldrel-macos-x86_64 0.1.5 39.00 NOTE
r-oldrel-windows-x86_64 0.1.5 12.00 72.00 84.00 NOTE

Check Details

Version: 0.1.5
Check: Rd files
Result: NOTE checkRd: (-1) speech_recompiler.Rd:25: Lost braces; missing escapes or markup? 25 | The default compilation is that of \ code {speech_build (., compiler = TRUE}). | ^ Flavors: r-devel-linux-x86_64-debian-clang, r-devel-linux-x86_64-debian-gcc, r-devel-linux-x86_64-fedora-clang, r-devel-linux-x86_64-fedora-gcc, r-devel-windows-x86_64, r-patched-linux-x86_64, r-release-linux-x86_64, r-release-macos-arm64, r-release-macos-x86_64, r-release-windows-x86_64, r-oldrel-macos-arm64, r-oldrel-macos-x86_64, r-oldrel-windows-x86_64