CRAN Package Check Results for Package sparseinv

Last updated on 2025-07-05 05:50:40 CEST.

Flavor Version Tinstall Tcheck Ttotal Status Flags
r-devel-linux-x86_64-debian-clang 0.1.3 18.14 71.46 89.60 NOTE
r-devel-linux-x86_64-debian-gcc 0.1.3 15.32 53.87 69.19 NOTE
r-devel-linux-x86_64-fedora-clang 0.1.3 144.93 NOTE
r-devel-linux-x86_64-fedora-gcc 0.1.3 135.49 NOTE
r-devel-windows-x86_64 0.1.3 26.00 98.00 124.00 NOTE
r-patched-linux-x86_64 0.1.3 18.79 69.63 88.42 NOTE
r-release-linux-x86_64 0.1.3 18.80 67.71 86.51 NOTE
r-release-macos-arm64 0.1.3 45.00 NOTE
r-release-macos-x86_64 0.1.3 73.00 NOTE
r-release-windows-x86_64 0.1.3 27.00 96.00 123.00 NOTE
r-oldrel-macos-arm64 0.1.3 43.00 NOTE
r-oldrel-macos-x86_64 0.1.3 62.00 NOTE
r-oldrel-windows-x86_64 0.1.3 33.00 119.00 152.00 NOTE

Check Details

Version: 0.1.3
Check: CRAN incoming feasibility
Result: NOTE Maintainer: ‘Andrew Zammit-Mangion <andrewzm@gmail.com>’ Found the following \keyword or \concept entries which likely give several index terms: File ‘Takahashi_Davis.Rd’: \keyword{factor,} File ‘cholsolve.Rd’: \keyword{factor,} File ‘cholsolveAQinvAT.Rd’: \keyword{factor,} Flavors: r-devel-linux-x86_64-debian-clang, r-devel-linux-x86_64-debian-gcc

Version: 0.1.3
Check: Rd files
Result: NOTE checkRd: (-1) cholsolveAQinvAT.Rd:5: Lost braces; missing escapes or markup? 5 | \title{Solve the equation X = AQ^{-1}t(A) under permutations} | ^ Flavors: r-devel-linux-x86_64-debian-clang, r-devel-linux-x86_64-debian-gcc, r-devel-linux-x86_64-fedora-clang, r-devel-linux-x86_64-fedora-gcc, r-devel-windows-x86_64, r-patched-linux-x86_64, r-release-linux-x86_64, r-release-macos-arm64, r-release-macos-x86_64, r-release-windows-x86_64, r-oldrel-macos-arm64, r-oldrel-macos-x86_64, r-oldrel-windows-x86_64

Version: 0.1.3
Check: LazyData
Result: NOTE 'LazyData' is specified without a 'data' directory Flavors: r-oldrel-macos-arm64, r-oldrel-macos-x86_64, r-oldrel-windows-x86_64