Last updated on 2025-07-05 05:50:39 CEST.
Flavor | Version | Tinstall | Tcheck | Ttotal | Status | Flags |
---|---|---|---|---|---|---|
r-devel-linux-x86_64-debian-clang | 1.0.0 | 16.06 | 257.33 | 273.39 | OK | |
r-devel-linux-x86_64-debian-gcc | 1.0.0 | 10.71 | 166.39 | 177.10 | OK | |
r-devel-linux-x86_64-fedora-clang | 1.0.0 | 437.82 | NOTE | |||
r-devel-linux-x86_64-fedora-gcc | 1.0.0 | 422.10 | NOTE | |||
r-devel-windows-x86_64 | 1.0.0 | 15.00 | 451.00 | 466.00 | OK | |
r-patched-linux-x86_64 | 1.0.0 | 15.51 | 240.80 | 256.31 | OK | |
r-release-linux-x86_64 | 1.0.0 | 13.47 | 243.36 | 256.83 | OK | |
r-release-macos-arm64 | 1.0.0 | 319.00 | OK | |||
r-release-macos-x86_64 | 1.0.0 | 444.00 | OK | |||
r-release-windows-x86_64 | 1.0.0 | 16.00 | 459.00 | 475.00 | OK | |
r-oldrel-macos-arm64 | 1.0.0 | 305.00 | OK | |||
r-oldrel-macos-x86_64 | 1.0.0 | 386.00 | OK | |||
r-oldrel-windows-x86_64 | 1.0.0 | 23.00 | 545.00 | 568.00 | OK |
Version: 1.0.0
Check: dependencies in R code
Result: NOTE
Namespaces in Imports field not imported from:
‘numDeriv’ ‘png’
All declared Imports should be used.
Flavors: r-devel-linux-x86_64-fedora-clang, r-devel-linux-x86_64-fedora-gcc