Last updated on 2025-07-05 05:50:39 CEST.
Flavor | Version | Tinstall | Tcheck | Ttotal | Status | Flags |
---|---|---|---|---|---|---|
r-devel-linux-x86_64-debian-clang | 1.0.1 | 11.25 | 176.33 | 187.58 | OK | |
r-devel-linux-x86_64-debian-gcc | 1.0.1 | 8.09 | 126.12 | 134.21 | OK | |
r-devel-linux-x86_64-fedora-clang | 1.0.1 | 292.88 | OK | |||
r-devel-linux-x86_64-fedora-gcc | 1.0.1 | 289.74 | OK | |||
r-devel-windows-x86_64 | 1.0.1 | 13.00 | 177.00 | 190.00 | OK | |
r-patched-linux-x86_64 | 1.0.1 | 11.23 | 170.30 | 181.53 | OK | |
r-release-linux-x86_64 | 1.0.1 | 11.16 | 168.65 | 179.81 | OK | |
r-release-macos-arm64 | 1.0.1 | 93.00 | OK | |||
r-release-macos-x86_64 | 1.0.1 | 237.00 | OK | |||
r-release-windows-x86_64 | 1.0.1 | 15.00 | 170.00 | 185.00 | OK | |
r-oldrel-macos-arm64 | 1.0.1 | 84.00 | NOTE | |||
r-oldrel-macos-x86_64 | 1.0.1 | 195.00 | NOTE | |||
r-oldrel-windows-x86_64 | 1.0.1 | 18.00 | 221.00 | 239.00 | OK |
Version: 1.0.1
Check: package dependencies
Result: NOTE
Package suggested but not available for checking: ‘INLA’
Flavors: r-oldrel-macos-arm64, r-oldrel-macos-x86_64