CRAN Package Check Results for Package segmag

Last updated on 2025-07-05 05:50:39 CEST.

Flavor Version Tinstall Tcheck Ttotal Status Flags
r-devel-linux-x86_64-debian-clang 1.2.4 13.86 26.12 39.98 OK
r-devel-linux-x86_64-debian-gcc 1.2.4 10.13 20.73 30.86 OK
r-devel-linux-x86_64-fedora-clang 1.2.4 69.69 NOTE
r-devel-linux-x86_64-fedora-gcc 1.2.4 63.02 NOTE
r-devel-windows-x86_64 1.2.4 17.00 60.00 77.00 OK
r-patched-linux-x86_64 1.2.4 12.67 24.49 37.16 OK
r-release-linux-x86_64 1.2.4 14.09 25.15 39.24 OK
r-release-macos-arm64 1.2.4 28.00 OK
r-release-macos-x86_64 1.2.4 36.00 OK
r-release-windows-x86_64 1.2.4 18.00 65.00 83.00 OK
r-oldrel-macos-arm64 1.2.4 22.00 OK
r-oldrel-macos-x86_64 1.2.4 31.00 OK
r-oldrel-windows-x86_64 1.2.4 22.00 75.00 97.00 OK

Check Details

Version: 1.2.4
Check: compiled code
Result: NOTE File ‘segmag/libs/segmag.so’: Found no calls to: ‘R_registerRoutines’, ‘R_useDynamicSymbols’ It is good practice to register native routines and to disable symbol search. See ‘Writing portable packages’ in the ‘Writing R Extensions’ manual. Flavors: r-devel-linux-x86_64-fedora-clang, r-devel-linux-x86_64-fedora-gcc