CRAN Package Check Results for Package regmed

Last updated on 2025-07-05 05:50:37 CEST.

Flavor Version Tinstall Tcheck Ttotal Status Flags
r-devel-linux-x86_64-debian-clang 2.1.0 39.68 73.14 112.82 NOTE
r-devel-linux-x86_64-debian-gcc 2.1.0 28.22 55.94 84.16 NOTE
r-devel-linux-x86_64-fedora-clang 2.1.0 188.68 NOTE
r-devel-linux-x86_64-fedora-gcc 2.1.0 193.47 NOTE
r-devel-windows-x86_64 2.1.0 46.00 110.00 156.00 NOTE
r-patched-linux-x86_64 2.1.0 43.57 74.00 117.57 NOTE
r-release-linux-x86_64 2.1.0 42.50 73.89 116.39 NOTE
r-release-macos-arm64 2.1.0 83.00 NOTE
r-release-macos-x86_64 2.1.0 119.00 NOTE
r-release-windows-x86_64 2.1.0 46.00 111.00 157.00 NOTE
r-oldrel-macos-arm64 2.1.0 74.00 NOTE
r-oldrel-macos-x86_64 2.1.0 103.00 NOTE
r-oldrel-windows-x86_64 2.1.0 56.00 134.00 190.00 NOTE

Check Details

Version: 2.1.0
Check: C++ specification
Result: NOTE Specified C++11: please drop specification unless essential Flavors: r-devel-linux-x86_64-debian-clang, r-devel-linux-x86_64-debian-gcc, r-devel-linux-x86_64-fedora-clang, r-devel-linux-x86_64-fedora-gcc, r-devel-windows-x86_64, r-patched-linux-x86_64, r-release-linux-x86_64, r-release-macos-arm64, r-release-macos-x86_64, r-release-windows-x86_64, r-oldrel-macos-arm64, r-oldrel-macos-x86_64, r-oldrel-windows-x86_64

Version: 2.1.0
Check: Rd cross-references
Result: NOTE Found the following Rd file(s) with Rd \link{} targets missing package anchors: mvregmed.graph.attributes.Rd: graph_from_edgelist Please provide package anchors for all Rd \link{} targets not in the package itself and the base packages. Flavors: r-devel-linux-x86_64-debian-clang, r-devel-linux-x86_64-debian-gcc, r-devel-windows-x86_64, r-patched-linux-x86_64, r-release-linux-x86_64, r-release-windows-x86_64