CRAN Package Check Results for Package polyreg

Last updated on 2025-07-05 05:50:35 CEST.

Flavor Version Tinstall Tcheck Ttotal Status Flags
r-devel-linux-x86_64-debian-clang 0.8.0 3.28 30.49 33.77 NOTE
r-devel-linux-x86_64-debian-gcc 0.8.0 2.41 24.26 26.67 NOTE
r-devel-linux-x86_64-fedora-clang 0.8.0 57.14 OK
r-devel-linux-x86_64-fedora-gcc 0.8.0 64.33 OK
r-devel-windows-x86_64 0.8.0 4.00 53.00 57.00 OK
r-patched-linux-x86_64 0.8.0 3.37 28.90 32.27 OK
r-release-linux-x86_64 0.8.0 3.01 28.98 31.99 OK
r-release-macos-arm64 0.8.0 26.00 OK
r-release-macos-x86_64 0.8.0 54.00 OK
r-release-windows-x86_64 0.8.0 6.00 53.00 59.00 OK
r-oldrel-macos-arm64 0.8.0 30.00 OK
r-oldrel-macos-x86_64 0.8.0 58.00 OK
r-oldrel-windows-x86_64 0.8.0 4.00 62.00 66.00 OK

Check Details

Version: 0.8.0
Check: CRAN incoming feasibility
Result: NOTE Maintainer: ‘Norm Matloff <matloff@cs.ucdavis.edu>’ The Description field contains Matloff, and Pete Mohanty (<arXiv:1806.06850>). Please refer to arXiv e-prints via their arXiv DOI <doi:10.48550/arXiv.YYMM.NNNNN>. Flavors: r-devel-linux-x86_64-debian-clang, r-devel-linux-x86_64-debian-gcc