Last updated on 2025-07-05 05:50:35 CEST.
Flavor | Version | Tinstall | Tcheck | Ttotal | Status | Flags |
---|---|---|---|---|---|---|
r-devel-linux-x86_64-debian-clang | 0.6.10 | 4.51 | 29.75 | 34.26 | NOTE | |
r-devel-linux-x86_64-debian-gcc | 0.6.10 | 3.31 | 24.38 | 27.69 | NOTE | |
r-devel-linux-x86_64-fedora-clang | 0.6.10 | 56.10 | OK | |||
r-devel-linux-x86_64-fedora-gcc | 0.6.10 | 50.43 | OK | |||
r-devel-windows-x86_64 | 0.6.10 | 5.00 | 58.00 | 63.00 | OK | |
r-patched-linux-x86_64 | 0.6.10 | 5.11 | 28.44 | 33.55 | OK | |
r-release-linux-x86_64 | 0.6.10 | 4.48 | 28.31 | 32.79 | OK | |
r-release-macos-arm64 | 0.6.10 | 20.00 | OK | |||
r-release-macos-x86_64 | 0.6.10 | 32.00 | OK | |||
r-release-windows-x86_64 | 0.6.10 | 6.00 | 57.00 | 63.00 | OK | |
r-oldrel-macos-arm64 | 0.6.10 | 21.00 | OK | |||
r-oldrel-macos-x86_64 | 0.6.10 | 32.00 | OK | |||
r-oldrel-windows-x86_64 | 0.6.10 | 5.00 | 68.00 | 73.00 | OK |
Version: 0.6.10
Check: CRAN incoming feasibility
Result: NOTE
Maintainer: ‘Michael Lawrence <michafla@gene.com>’
No Authors@R field in DESCRIPTION.
Please add one, modifying
Authors@R: c(person(given = "Michael",
family = "Lawrence",
role = c("aut", "cre"),
email = "michafla@gene.com"),
person(given = "Hadley",
family = "Wickham",
role = "aut"))
as necessary.
Flavors: r-devel-linux-x86_64-debian-clang, r-devel-linux-x86_64-debian-gcc