Last updated on 2025-07-05 05:50:35 CEST.
Flavor | Version | Tinstall | Tcheck | Ttotal | Status | Flags |
---|---|---|---|---|---|---|
r-devel-linux-x86_64-debian-clang | 0.1.1 | 29.06 | 154.77 | 183.83 | OK | |
r-devel-linux-x86_64-debian-gcc | 0.1.1 | 22.19 | 108.21 | 130.40 | OK | |
r-devel-linux-x86_64-fedora-clang | 0.1.1 | 396.90 | OK | |||
r-devel-linux-x86_64-fedora-gcc | 0.1.1 | 397.74 | OK | |||
r-devel-windows-x86_64 | 0.1.1 | 34.00 | 285.00 | 319.00 | OK | |
r-patched-linux-x86_64 | 0.1.1 | 28.67 | 144.42 | 173.09 | OK | |
r-release-linux-x86_64 | 0.1.1 | 28.37 | 146.37 | 174.74 | OK | |
r-release-macos-arm64 | 0.1.1 | 143.00 | OK | |||
r-release-macos-x86_64 | 0.1.1 | 226.00 | OK | |||
r-release-windows-x86_64 | 0.1.1 | 33.00 | 298.00 | 331.00 | OK | |
r-oldrel-macos-arm64 | 0.1.1 | 127.00 | NOTE | |||
r-oldrel-macos-x86_64 | 0.1.1 | 238.00 | NOTE | |||
r-oldrel-windows-x86_64 | 0.1.1 | 43.00 | 318.00 | 361.00 | NOTE |
Version: 0.1.1
Check: installed package size
Result: NOTE
installed size is 5.3Mb
sub-directories of 1Mb or more:
data 1.6Mb
doc 2.1Mb
Flavors: r-oldrel-macos-arm64, r-oldrel-macos-x86_64, r-oldrel-windows-x86_64