Last updated on 2025-07-05 05:50:34 CEST.
Flavor | Version | Tinstall | Tcheck | Ttotal | Status | Flags |
---|---|---|---|---|---|---|
r-devel-linux-x86_64-debian-clang | 2.0 | 4.24 | 39.99 | 44.23 | NOTE | |
r-devel-linux-x86_64-debian-gcc | 2.0 | 2.71 | 29.28 | 31.99 | NOTE | |
r-devel-linux-x86_64-fedora-clang | 2.0 | 68.50 | OK | |||
r-devel-linux-x86_64-fedora-gcc | 2.0 | 64.40 | OK | |||
r-devel-windows-x86_64 | 2.0 | 5.00 | 60.00 | 65.00 | OK | |
r-patched-linux-x86_64 | 2.0 | 4.63 | 37.31 | 41.94 | OK | |
r-release-linux-x86_64 | 2.0 | 3.83 | 37.07 | 40.90 | OK | |
r-release-macos-arm64 | 2.0 | 22.00 | OK | |||
r-release-macos-x86_64 | 2.0 | 48.00 | OK | |||
r-release-windows-x86_64 | 2.0 | 5.00 | 59.00 | 64.00 | OK | |
r-oldrel-macos-arm64 | 2.0 | 24.00 | OK | |||
r-oldrel-macos-x86_64 | 2.0 | 40.00 | OK | |||
r-oldrel-windows-x86_64 | 2.0 | 6.00 | 67.00 | 73.00 | OK |
Version: 2.0
Check: CRAN incoming feasibility
Result: NOTE
Maintainer: ‘Pietro Coretto <pcoretto@unisa.it>’
Package CITATION file contains call(s) to old-style personList() or
as.personList(). Please use c() on person objects instead.
Package CITATION file contains call(s) to old-style citEntry(). Please
use bibentry() instead.
Flavors: r-devel-linux-x86_64-debian-clang, r-devel-linux-x86_64-debian-gcc