Last updated on 2025-07-05 05:50:34 CEST.
Flavor | Version | Tinstall | Tcheck | Ttotal | Status | Flags |
---|---|---|---|---|---|---|
r-devel-linux-x86_64-debian-clang | 2.1.5 | 8.05 | 98.88 | 106.93 | OK | |
r-devel-linux-x86_64-debian-gcc | 2.1.5 | 5.86 | 74.67 | 80.53 | OK | |
r-devel-linux-x86_64-fedora-clang | 2.1.5 | 187.05 | OK | |||
r-devel-linux-x86_64-fedora-gcc | 2.1.5 | 187.66 | OK | |||
r-devel-windows-x86_64 | 2.1.5 | 10.00 | 125.00 | 135.00 | OK | |
r-patched-linux-x86_64 | 2.1.5 | 8.00 | 95.80 | 103.80 | OK | |
r-release-linux-x86_64 | 2.1.5 | 7.22 | 95.53 | 102.75 | OK | |
r-release-macos-arm64 | 2.1.5 | 55.00 | OK | |||
r-release-macos-x86_64 | 2.1.5 | 112.00 | OK | |||
r-release-windows-x86_64 | 2.1.5 | 9.00 | 126.00 | 135.00 | OK | |
r-oldrel-macos-arm64 | 2.1.5 | 54.00 | NOTE | |||
r-oldrel-macos-x86_64 | 2.1.5 | 82.00 | NOTE | |||
r-oldrel-windows-x86_64 | 2.1.5 | 10.00 | 144.00 | 154.00 | NOTE |
Version: 2.1.5
Check: LazyData
Result: NOTE
'LazyData' is specified without a 'data' directory
Flavors: r-oldrel-macos-arm64, r-oldrel-macos-x86_64, r-oldrel-windows-x86_64