Last updated on 2025-07-05 05:50:34 CEST.
Flavor | Version | Tinstall | Tcheck | Ttotal | Status | Flags |
---|---|---|---|---|---|---|
r-devel-linux-x86_64-debian-clang | 1.4 | 9.91 | 81.77 | 91.68 | NOTE | |
r-devel-linux-x86_64-debian-gcc | 1.4 | 7.39 | 59.81 | 67.20 | NOTE | |
r-devel-linux-x86_64-fedora-clang | 1.4 | 139.26 | OK | |||
r-devel-linux-x86_64-fedora-gcc | 1.4 | 133.89 | OK | |||
r-devel-windows-x86_64 | 1.4 | 10.00 | 90.00 | 100.00 | OK | |
r-patched-linux-x86_64 | 1.4 | 9.20 | 76.82 | 86.02 | OK | |
r-release-linux-x86_64 | 1.4 | 8.01 | 77.16 | 85.17 | OK | |
r-release-macos-arm64 | 1.4 | 45.00 | OK | |||
r-release-macos-x86_64 | 1.4 | 83.00 | OK | |||
r-release-windows-x86_64 | 1.4 | 12.00 | 88.00 | 100.00 | OK | |
r-oldrel-macos-arm64 | 1.4 | 37.00 | OK | |||
r-oldrel-macos-x86_64 | 1.4 | 59.00 | OK | |||
r-oldrel-windows-x86_64 | 1.4 | 13.00 | 110.00 | 123.00 | OK |
Version: 1.4
Check: CRAN incoming feasibility
Result: NOTE
Maintainer: ‘Tianwei Yu<yutianwei@cuhk.edu.cn>’
No Authors@R field in DESCRIPTION.
Please add one, modifying
Authors@R: c(person(given = "Tianwei",
family = "Yu",
role = c("aut", "cre"),
email = "yutianwei@cuhk.edu.cn"),
person(given = "Haodong",
family = "Liu",
role = "aut"))
as necessary.
Flavors: r-devel-linux-x86_64-debian-clang, r-devel-linux-x86_64-debian-gcc