Last updated on 2025-07-05 05:50:33 CEST.
Flavor | Version | Tinstall | Tcheck | Ttotal | Status | Flags |
---|---|---|---|---|---|---|
r-devel-linux-x86_64-debian-clang | 2.1.7 | 6.70 | 359.52 | 366.22 | OK | |
r-devel-linux-x86_64-debian-gcc | 2.1.7 | 4.46 | 222.02 | 226.48 | OK | |
r-devel-linux-x86_64-fedora-clang | 2.1.7 | 574.60 | NOTE | |||
r-devel-linux-x86_64-fedora-gcc | 2.1.7 | 555.05 | NOTE | |||
r-devel-windows-x86_64 | 2.1.7 | 7.00 | 302.00 | 309.00 | OK | |
r-patched-linux-x86_64 | 2.1.7 | 6.29 | 340.03 | 346.32 | OK | |
r-release-linux-x86_64 | 2.1.7 | 5.78 | 336.90 | 342.68 | OK | |
r-release-macos-arm64 | 2.1.7 | 146.00 | OK | |||
r-release-macos-x86_64 | 2.1.7 | 399.00 | OK | |||
r-release-windows-x86_64 | 2.1.7 | 8.00 | 299.00 | 307.00 | OK | |
r-oldrel-macos-arm64 | 2.1.7 | 144.00 | OK | |||
r-oldrel-macos-x86_64 | 2.1.7 | 331.00 | OK | |||
r-oldrel-windows-x86_64 | 2.1.7 | 11.00 | 432.00 | 443.00 | OK |
Version: 2.1.7
Check: dependencies in R code
Result: NOTE
Namespaces in Imports field not imported from:
‘ggfortify’ ‘ggplot2’ ‘ggraph’ ‘reshape2’
All declared Imports should be used.
Flavors: r-devel-linux-x86_64-fedora-clang, r-devel-linux-x86_64-fedora-gcc