Last updated on 2025-07-05 05:50:32 CEST.
Flavor | Version | Tinstall | Tcheck | Ttotal | Status | Flags |
---|---|---|---|---|---|---|
r-devel-linux-x86_64-debian-clang | 1.0.0 | 12.79 | 111.23 | 124.02 | NOTE | |
r-devel-linux-x86_64-debian-gcc | 1.0.0 | 7.89 | 79.23 | 87.12 | NOTE | |
r-devel-linux-x86_64-fedora-clang | 1.0.0 | 197.61 | OK | |||
r-devel-linux-x86_64-fedora-gcc | 1.0.0 | 202.30 | OK | |||
r-devel-windows-x86_64 | 1.0.0 | 15.00 | 111.00 | 126.00 | OK | |
r-patched-linux-x86_64 | 1.0.0 | 12.16 | 104.06 | 116.22 | OK | |
r-release-linux-x86_64 | 1.0.0 | 12.07 | 104.63 | 116.70 | OK | |
r-release-macos-arm64 | 1.0.0 | 102.00 | OK | |||
r-release-macos-x86_64 | 1.0.0 | 119.00 | OK | |||
r-release-windows-x86_64 | 1.0.0 | 13.00 | 113.00 | 126.00 | OK | |
r-oldrel-macos-arm64 | 1.0.0 | 60.00 | OK | |||
r-oldrel-macos-x86_64 | 1.0.0 | 87.00 | OK | |||
r-oldrel-windows-x86_64 | 1.0.0 | 20.00 | 141.00 | 161.00 | OK |
Version: 1.0.0
Check: CRAN incoming feasibility
Result: NOTE
Maintainer: ‘Linda Nab <lindanab4@gmail.com>’
No Authors@R field in DESCRIPTION.
Please add one, modifying
Authors@R: person(given = "Linda",
family = "Nab",
role = c("aut", "cre"),
email = "lindanab4@gmail.com")
as necessary.
Flavors: r-devel-linux-x86_64-debian-clang, r-devel-linux-x86_64-debian-gcc