Last updated on 2025-07-05 05:50:32 CEST.
Flavor | Version | Tinstall | Tcheck | Ttotal | Status | Flags |
---|---|---|---|---|---|---|
r-devel-linux-x86_64-debian-clang | 1.1.5 | 67.11 | 220.64 | 287.75 | OK | |
r-devel-linux-x86_64-debian-gcc | 1.1.5 | 44.01 | 144.80 | 188.81 | OK | |
r-devel-linux-x86_64-fedora-clang | 1.1.5 | 459.45 | OK | |||
r-devel-linux-x86_64-fedora-gcc | 1.1.5 | 469.14 | OK | |||
r-devel-windows-x86_64 | 1.1.5 | 57.00 | 288.00 | 345.00 | OK | |
r-patched-linux-x86_64 | 1.1.5 | 70.13 | 205.30 | 275.43 | OK | |
r-release-linux-x86_64 | 1.1.5 | 60.50 | 205.66 | 266.16 | OK | |
r-release-macos-arm64 | 1.1.5 | 173.00 | OK | |||
r-release-macos-x86_64 | 1.1.5 | 292.00 | OK | |||
r-release-windows-x86_64 | 1.1.5 | 58.00 | 289.00 | 347.00 | OK | |
r-oldrel-macos-arm64 | 1.1.5 | 83.00 | NOTE | |||
r-oldrel-macos-x86_64 | 1.1.5 | 151.00 | NOTE | |||
r-oldrel-windows-x86_64 | 1.1.5 | 82.00 | 373.00 | 455.00 | OK |
Version: 1.1.5
Check: installed package size
Result: NOTE
installed size is 5.3Mb
sub-directories of 1Mb or more:
libs 3.5Mb
Flavors: r-oldrel-macos-arm64, r-oldrel-macos-x86_64