CRAN Package Check Results for Package mappp

Last updated on 2025-07-05 05:50:32 CEST.

Flavor Version Tinstall Tcheck Ttotal Status Flags
r-devel-linux-x86_64-debian-clang 1.0.0 1.79 19.40 21.19 OK
r-devel-linux-x86_64-debian-gcc 1.0.0 1.42 16.18 17.60 OK
r-devel-linux-x86_64-fedora-clang 1.0.0 32.23 NOTE
r-devel-linux-x86_64-fedora-gcc 1.0.0 30.96 NOTE
r-devel-windows-x86_64 1.0.0 3.00 45.00 48.00 OK
r-patched-linux-x86_64 1.0.0 1.55 18.38 19.93 OK
r-release-linux-x86_64 1.0.0 1.70 18.36 20.06 OK
r-release-macos-arm64 1.0.0 20.00 OK
r-release-macos-x86_64 1.0.0 32.00 OK
r-release-windows-x86_64 1.0.0 3.00 46.00 49.00 OK
r-oldrel-macos-arm64 1.0.0 21.00 OK
r-oldrel-macos-x86_64 1.0.0 25.00 OK
r-oldrel-windows-x86_64 1.0.0 3.00 49.00 52.00 OK

Additional issues

donttest

Check Details

Version: 1.0.0
Check: dependencies in R code
Result: NOTE Namespace in Imports field not imported from: ‘pbmcapply’ All declared Imports should be used. Flavors: r-devel-linux-x86_64-fedora-clang, r-devel-linux-x86_64-fedora-gcc