Last updated on 2025-07-05 05:50:32 CEST.
Flavor | Version | Tinstall | Tcheck | Ttotal | Status | Flags |
---|---|---|---|---|---|---|
r-devel-linux-x86_64-debian-clang | 0.1.9 | 46.65 | 32.57 | 79.22 | OK | |
r-devel-linux-x86_64-debian-gcc | 0.1.9 | 34.71 | 26.63 | 61.34 | OK | |
r-devel-linux-x86_64-fedora-clang | 0.1.9 | 135.52 | OK | |||
r-devel-linux-x86_64-fedora-gcc | 0.1.9 | 154.56 | OK | |||
r-devel-windows-x86_64 | 0.1.9 | 67.00 | 67.00 | 134.00 | OK | |
r-patched-linux-x86_64 | 0.1.9 | 49.82 | 30.20 | 80.02 | OK | |
r-release-linux-x86_64 | 0.1.9 | 45.60 | 29.95 | 75.55 | OK | |
r-release-macos-arm64 | 0.1.9 | 87.00 | OK | |||
r-release-macos-x86_64 | 0.1.9 | 124.00 | OK | |||
r-release-windows-x86_64 | 0.1.9 | 68.00 | 65.00 | 133.00 | OK | |
r-oldrel-macos-arm64 | 0.1.9 | 74.00 | NOTE | |||
r-oldrel-macos-x86_64 | 0.1.9 | 107.00 | NOTE | |||
r-oldrel-windows-x86_64 | 0.1.9 | 81.00 | 74.00 | 155.00 | NOTE |
Version: 0.1.9
Check: for GNU extensions in Makefiles
Result: NOTE
GNU make is a SystemRequirements.
Flavors: r-oldrel-macos-arm64, r-oldrel-macos-x86_64, r-oldrel-windows-x86_64