CRAN Package Check Results for Package lsr

Last updated on 2025-07-05 05:50:32 CEST.

Flavor Version Tinstall Tcheck Ttotal Status Flags
r-devel-linux-x86_64-debian-clang 0.5.2 4.27 34.64 38.91 NOTE
r-devel-linux-x86_64-debian-gcc 0.5.2 2.66 25.50 28.16 NOTE
r-devel-linux-x86_64-fedora-clang 0.5.2 61.42 OK
r-devel-linux-x86_64-fedora-gcc 0.5.2 54.01 OK
r-devel-windows-x86_64 0.5.2 5.00 58.00 63.00 OK
r-patched-linux-x86_64 0.5.2 4.31 31.30 35.61 OK
r-release-linux-x86_64 0.5.2 3.01 31.28 34.29 OK
r-release-macos-arm64 0.5.2 21.00 OK
r-release-macos-x86_64 0.5.2 48.00 OK
r-release-windows-x86_64 0.5.2 5.00 58.00 63.00 OK
r-oldrel-macos-arm64 0.5.2 25.00 OK
r-oldrel-macos-x86_64 0.5.2 30.00 OK
r-oldrel-windows-x86_64 0.5.2 7.00 62.00 69.00 OK

Check Details

Version: 0.5.2
Check: CRAN incoming feasibility
Result: NOTE Maintainer: ‘Danielle Navarro <djnavarro@protonmail.com>’ Package CITATION file contains call(s) to old-style citEntry(). Please use bibentry() instead. Flavors: r-devel-linux-x86_64-debian-clang, r-devel-linux-x86_64-debian-gcc