Last updated on 2025-07-05 05:50:30 CEST.
Flavor | Version | Tinstall | Tcheck | Ttotal | Status | Flags |
---|---|---|---|---|---|---|
r-devel-linux-x86_64-debian-clang | 0.1.0 | 19.98 | 46.13 | 66.11 | OK | |
r-devel-linux-x86_64-debian-gcc | 0.1.0 | 15.17 | 33.77 | 48.94 | OK | |
r-devel-linux-x86_64-fedora-clang | 0.1.0 | 107.60 | OK | |||
r-devel-linux-x86_64-fedora-gcc | 0.1.0 | 99.10 | OK | |||
r-devel-windows-x86_64 | 0.1.0 | 24.00 | 71.00 | 95.00 | OK | |
r-patched-linux-x86_64 | 0.1.0 | 22.06 | 41.06 | 63.12 | OK | |
r-release-linux-x86_64 | 0.1.0 | 20.60 | 41.15 | 61.75 | OK | |
r-release-macos-arm64 | 0.1.0 | 35.00 | OK | |||
r-release-macos-x86_64 | 0.1.0 | 56.00 | OK | |||
r-release-windows-x86_64 | 0.1.0 | 22.00 | 77.00 | 99.00 | OK | |
r-oldrel-macos-arm64 | 0.1.0 | 31.00 | NOTE | |||
r-oldrel-macos-x86_64 | 0.1.0 | 47.00 | NOTE | |||
r-oldrel-windows-x86_64 | 0.1.0 | 30.00 | 94.00 | 124.00 | NOTE |
Version: 0.1.0
Check: LazyData
Result: NOTE
'LazyData' is specified without a 'data' directory
Flavors: r-oldrel-macos-arm64, r-oldrel-macos-x86_64, r-oldrel-windows-x86_64