CRAN Package Check Results for Package hwordcloud

Last updated on 2025-07-05 05:50:29 CEST.

Flavor Version Tinstall Tcheck Ttotal Status Flags
r-devel-linux-x86_64-debian-clang 0.1.0 2.57 27.03 29.60 OK
r-devel-linux-x86_64-debian-gcc 0.1.0 1.87 22.58 24.45 OK
r-devel-linux-x86_64-fedora-clang 0.1.0 49.78 NOTE
r-devel-linux-x86_64-fedora-gcc 0.1.0 56.53 NOTE
r-devel-windows-x86_64 0.1.0 4.00 48.00 52.00 OK
r-patched-linux-x86_64 0.1.0 2.01 26.13 28.14 OK
r-release-linux-x86_64 0.1.0 2.21 27.03 29.24 OK
r-release-macos-arm64 0.1.0 26.00 OK
r-release-macos-x86_64 0.1.0 42.00 OK
r-release-windows-x86_64 0.1.0 5.00 48.00 53.00 OK
r-oldrel-macos-arm64 0.1.0 25.00 NOTE
r-oldrel-macos-x86_64 0.1.0 50.00 NOTE
r-oldrel-windows-x86_64 0.1.0 5.00 51.00 56.00 NOTE

Check Details

Version: 0.1.0
Check: dependencies in R code
Result: NOTE Namespaces in Imports field not imported from: ‘colourpicker’ ‘shiny’ ‘wordcloud2’ All declared Imports should be used. Flavors: r-devel-linux-x86_64-fedora-clang, r-devel-linux-x86_64-fedora-gcc

Version: 0.1.0
Check: LazyData
Result: NOTE 'LazyData' is specified without a 'data' directory Flavors: r-oldrel-macos-arm64, r-oldrel-macos-x86_64, r-oldrel-windows-x86_64