Last updated on 2025-07-05 05:50:29 CEST.
Flavor | Version | Tinstall | Tcheck | Ttotal | Status | Flags |
---|---|---|---|---|---|---|
r-devel-linux-x86_64-debian-clang | 5.6.0 | 13.65 | 195.52 | 209.17 | OK | |
r-devel-linux-x86_64-debian-gcc | 5.6.0 | 10.00 | 126.75 | 136.75 | OK | |
r-devel-linux-x86_64-fedora-clang | 5.6.0 | 334.79 | NOTE | |||
r-devel-linux-x86_64-fedora-gcc | 5.6.0 | 307.48 | NOTE | |||
r-devel-windows-x86_64 | 5.6.0 | 16.00 | 218.00 | 234.00 | OK | |
r-patched-linux-x86_64 | 5.6.0 | 17.45 | 180.58 | 198.03 | OK | |
r-release-linux-x86_64 | 5.6.0 | 12.45 | 179.06 | 191.51 | OK | |
r-release-macos-arm64 | 5.6.0 | 96.00 | OK | |||
r-release-macos-x86_64 | 5.6.0 | 170.00 | OK | |||
r-release-windows-x86_64 | 5.6.0 | 17.00 | 218.00 | 235.00 | OK | |
r-oldrel-macos-arm64 | 5.6.0 | 75.00 | OK | |||
r-oldrel-macos-x86_64 | 5.6.0 | 154.00 | OK | |||
r-oldrel-windows-x86_64 | 5.6.0 | 22.00 | 272.00 | 294.00 | OK |
Version: 5.6.0
Check: dependencies in R code
Result: NOTE
Namespaces in Imports field not imported from:
‘R6’ ‘xml2’
All declared Imports should be used.
Flavors: r-devel-linux-x86_64-fedora-clang, r-devel-linux-x86_64-fedora-gcc