CRAN Package Check Results for Package highMLR

Last updated on 2025-07-05 05:50:29 CEST.

Flavor Version Tinstall Tcheck Ttotal Status Flags
r-devel-linux-x86_64-debian-clang 0.1.1 13.74 97.43 111.17 NOTE
r-devel-linux-x86_64-debian-gcc 0.1.1 9.55 70.57 80.12 NOTE
r-devel-linux-x86_64-fedora-clang 0.1.1 184.42 OK
r-devel-linux-x86_64-fedora-gcc 0.1.1 168.38 OK
r-devel-windows-x86_64 0.1.1 14.00 97.00 111.00 OK
r-patched-linux-x86_64 0.1.1 13.17 91.37 104.54 OK
r-release-linux-x86_64 0.1.1 13.66 91.37 105.03 OK
r-release-macos-arm64 0.1.1 49.00 OK
r-release-macos-x86_64 0.1.1 89.00 OK
r-release-windows-x86_64 0.1.1 14.00 95.00 109.00 OK
r-oldrel-macos-arm64 0.1.1 46.00 OK
r-oldrel-macos-x86_64 0.1.1 73.00 OK
r-oldrel-windows-x86_64 0.1.1 18.00 122.00 140.00 OK

Check Details

Version: 0.1.1
Check: CRAN incoming feasibility
Result: NOTE Maintainer: ‘Atanu Bhattacharjee <atanustat@gmail.com>’ The Description field contains <arXiv:2012.02102>. Please refer to arXiv e-prints via their arXiv DOI <doi:10.48550/arXiv.YYMM.NNNNN>. Flavors: r-devel-linux-x86_64-debian-clang, r-devel-linux-x86_64-debian-gcc