CRAN Package Check Results for Package gsEasy

Last updated on 2025-07-05 05:50:29 CEST.

Flavor Version Tinstall Tcheck Ttotal Status Flags
r-devel-linux-x86_64-debian-clang 1.5 9.78 28.42 38.20 NOTE
r-devel-linux-x86_64-debian-gcc 1.5 7.17 23.31 30.48 NOTE
r-devel-linux-x86_64-fedora-clang 1.5 64.86 OK
r-devel-linux-x86_64-fedora-gcc 1.5 80.28 OK
r-devel-windows-x86_64 1.5 14.00 66.00 80.00 OK
r-patched-linux-x86_64 1.5 10.66 27.04 37.70 OK
r-release-linux-x86_64 1.5 9.94 27.07 37.01 OK
r-release-macos-arm64 1.5 46.00 OK
r-release-macos-x86_64 1.5 58.00 OK
r-release-windows-x86_64 1.5 14.00 69.00 83.00 OK
r-oldrel-macos-arm64 1.5 31.00 OK
r-oldrel-macos-x86_64 1.5 66.00 OK
r-oldrel-windows-x86_64 1.5 17.00 83.00 100.00 OK

Check Details

Version: 1.5
Check: CRAN incoming feasibility
Result: NOTE Maintainer: ‘Daniel Greene <dg333@cam.ac.uk>’ No Authors@R field in DESCRIPTION. Please add one, modifying Authors@R: person(given = "Daniel", family = "Greene", role = c("aut", "cre"), email = "dg333@cam.ac.uk") as necessary. Flavors: r-devel-linux-x86_64-debian-clang, r-devel-linux-x86_64-debian-gcc