Last updated on 2025-07-05 05:50:28 CEST.
Flavor | Version | Tinstall | Tcheck | Ttotal | Status | Flags |
---|---|---|---|---|---|---|
r-devel-linux-x86_64-debian-clang | 0.5.0 | 45.98 | 144.05 | 190.03 | OK | |
r-devel-linux-x86_64-debian-gcc | 0.5.0 | 39.73 | 94.30 | 134.03 | OK | |
r-devel-linux-x86_64-fedora-clang | 0.5.0 | 299.14 | OK | |||
r-devel-linux-x86_64-fedora-gcc | 0.5.0 | 298.90 | OK | |||
r-devel-windows-x86_64 | 0.5.0 | 61.00 | 159.00 | 220.00 | OK | |
r-patched-linux-x86_64 | 0.5.0 | 58.87 | 135.45 | 194.32 | OK | |
r-release-linux-x86_64 | 0.5.0 | 53.31 | 134.31 | 187.62 | OK | |
r-release-macos-arm64 | 0.5.0 | 79.00 | OK | |||
r-release-macos-x86_64 | 0.5.0 | 144.00 | OK | |||
r-release-windows-x86_64 | 0.5.0 | 61.00 | 158.00 | 219.00 | OK | |
r-oldrel-macos-arm64 | 0.5.0 | 78.00 | NOTE | |||
r-oldrel-macos-x86_64 | 0.5.0 | 141.00 | NOTE | |||
r-oldrel-windows-x86_64 | 0.5.0 | 76.00 | 200.00 | 276.00 | OK |
Version: 0.5.0
Check: installed package size
Result: NOTE
installed size is 5.7Mb
sub-directories of 1Mb or more:
help 1.2Mb
libs 3.7Mb
Flavors: r-oldrel-macos-arm64, r-oldrel-macos-x86_64