Last updated on 2025-07-05 05:50:28 CEST.
Flavor | Version | Tinstall | Tcheck | Ttotal | Status | Flags |
---|---|---|---|---|---|---|
r-devel-linux-x86_64-debian-clang | 0.9.0 | 119.25 | 192.03 | 311.28 | OK | |
r-devel-linux-x86_64-debian-gcc | 0.9.0 | 72.73 | 133.15 | 205.88 | OK | |
r-devel-linux-x86_64-fedora-clang | 0.9.0 | 525.50 | OK | |||
r-devel-linux-x86_64-fedora-gcc | 0.9.0 | 469.55 | OK | |||
r-devel-windows-x86_64 | 0.9.0 | 124.00 | 204.00 | 328.00 | OK | |
r-patched-linux-x86_64 | 0.9.0 | 108.71 | 176.33 | 285.04 | OK | |
r-release-linux-x86_64 | 0.9.0 | 105.44 | 175.82 | 281.26 | OK | |
r-release-macos-arm64 | 0.9.0 | 122.00 | OK | |||
r-release-macos-x86_64 | 0.9.0 | 225.00 | OK | |||
r-release-windows-x86_64 | 0.9.0 | 127.00 | 208.00 | 335.00 | OK | |
r-oldrel-macos-arm64 | 0.9.0 | 123.00 | NOTE | |||
r-oldrel-macos-x86_64 | 0.9.0 | 203.00 | NOTE | |||
r-oldrel-windows-x86_64 | 0.9.0 | 156.00 | 267.00 | 423.00 | NOTE |
Version: 0.9.0
Check: installed package size
Result: NOTE
installed size is 7.6Mb
sub-directories of 1Mb or more:
doc 1.6Mb
extdata 2.2Mb
libs 3.1Mb
Flavors: r-oldrel-macos-arm64, r-oldrel-macos-x86_64, r-oldrel-windows-x86_64