Last updated on 2025-07-05 05:50:28 CEST.
Flavor | Version | Tinstall | Tcheck | Ttotal | Status | Flags |
---|---|---|---|---|---|---|
r-devel-linux-x86_64-debian-clang | 1.0.0 | 6.66 | 60.02 | 66.68 | OK | |
r-devel-linux-x86_64-debian-gcc | 1.0.0 | 5.53 | 45.40 | 50.93 | OK | |
r-devel-linux-x86_64-fedora-clang | 1.0.0 | 105.78 | OK | |||
r-devel-linux-x86_64-fedora-gcc | 1.0.0 | 96.19 | OK | |||
r-devel-windows-x86_64 | 1.0.0 | 8.00 | 71.00 | 79.00 | OK | |
r-patched-linux-x86_64 | 1.0.0 | 6.68 | 56.89 | 63.57 | OK | |
r-release-linux-x86_64 | 1.0.0 | 6.56 | 57.39 | 63.95 | OK | |
r-release-macos-arm64 | 1.0.0 | 38.00 | OK | |||
r-release-macos-x86_64 | 1.0.0 | 98.00 | OK | |||
r-release-windows-x86_64 | 1.0.0 | 8.00 | 71.00 | 79.00 | OK | |
r-oldrel-macos-arm64 | 1.0.0 | 33.00 | NOTE | |||
r-oldrel-macos-x86_64 | 1.0.0 | 53.00 | NOTE | |||
r-oldrel-windows-x86_64 | 1.0.0 | 9.00 | 87.00 | 96.00 | NOTE |
Version: 1.0.0
Check: LazyData
Result: NOTE
'LazyData' is specified without a 'data' directory
Flavors: r-oldrel-macos-arm64, r-oldrel-macos-x86_64, r-oldrel-windows-x86_64