Last updated on 2025-07-05 05:50:28 CEST.
Flavor | Version | Tinstall | Tcheck | Ttotal | Status | Flags |
---|---|---|---|---|---|---|
r-devel-linux-x86_64-debian-clang | 2.0.0 | 5.80 | 44.63 | 50.43 | OK | |
r-devel-linux-x86_64-debian-gcc | 2.0.0 | 4.63 | 36.05 | 40.68 | OK | |
r-devel-linux-x86_64-fedora-clang | 2.0.0 | 77.01 | OK | |||
r-devel-linux-x86_64-fedora-gcc | 2.0.0 | 78.90 | OK | |||
r-devel-windows-x86_64 | 2.0.0 | 8.00 | 58.00 | 66.00 | OK | |
r-patched-linux-x86_64 | 2.0.0 | 5.01 | 41.09 | 46.10 | OK | |
r-release-linux-x86_64 | 2.0.0 | 4.79 | 41.15 | 45.94 | OK | |
r-release-macos-arm64 | 2.0.0 | 30.00 | OK | |||
r-release-macos-x86_64 | 2.0.0 | 42.00 | OK | |||
r-release-windows-x86_64 | 2.0.0 | 7.00 | 56.00 | 63.00 | OK | |
r-oldrel-macos-arm64 | 2.0.0 | 24.00 | NOTE | |||
r-oldrel-macos-x86_64 | 2.0.0 | 36.00 | NOTE | |||
r-oldrel-windows-x86_64 | 2.0.0 | 8.00 | 66.00 | 74.00 | NOTE |
Version: 2.0.0
Check: LazyData
Result: NOTE
'LazyData' is specified without a 'data' directory
Flavors: r-oldrel-macos-arm64, r-oldrel-macos-x86_64, r-oldrel-windows-x86_64