CRAN Package Check Results for Package geodl

Last updated on 2025-07-05 05:50:28 CEST.

Flavor Version Tinstall Tcheck Ttotal Status Flags
r-devel-linux-x86_64-debian-clang 0.2.0 32.68 15.02 47.70 ERROR
r-devel-linux-x86_64-debian-gcc 0.2.0 20.88 9.82 30.70 ERROR
r-devel-linux-x86_64-fedora-clang 0.2.0 467.15 NOTE
r-devel-linux-x86_64-fedora-gcc 0.2.0 488.69 NOTE
r-devel-windows-x86_64 0.2.0 28.00 217.00 245.00 OK
r-patched-linux-x86_64 0.2.0 29.13 12.14 41.27 ERROR
r-release-linux-x86_64 0.2.0 27.49 12.35 39.84 ERROR
r-release-macos-arm64 0.2.0 119.00 OK
r-release-macos-x86_64 0.2.0 240.00 OK
r-release-windows-x86_64 0.2.0 30.00 216.00 246.00 OK
r-oldrel-macos-arm64 0.2.0 120.00 OK
r-oldrel-macos-x86_64 0.2.0 363.00 OK
r-oldrel-windows-x86_64 0.2.0 40.00 287.00 327.00 OK

Check Details

Version: 0.2.0
Check: whether the package can be loaded
Result: ERROR Loading this package had a fatal error status code 1 Loading log: Error: package or namespace load failed for ‘geodl’: .onLoad failed in loadNamespace() for 'torch', details: call: inst_path() error: torch cannot write into '/home/hornik/tmp/R.check/r-devel-clang/Work/build/Packages/torch/'. Execution halted Flavor: r-devel-linux-x86_64-debian-clang

Version: 0.2.0
Check: whether the package can be loaded
Result: ERROR Loading this package had a fatal error status code 1 Loading log: Error: package or namespace load failed for ‘geodl’: .onLoad failed in loadNamespace() for 'torch', details: call: inst_path() error: torch cannot write into '/home/hornik/tmp/R.check/r-devel-gcc/Work/build/Packages/torch/'. Execution halted Flavor: r-devel-linux-x86_64-debian-gcc

Version: 0.2.0
Check: dependencies in R code
Result: NOTE Namespace in Imports field not imported from: ‘luz’ All declared Imports should be used. Flavors: r-devel-linux-x86_64-fedora-clang, r-devel-linux-x86_64-fedora-gcc

Version: 0.2.0
Check: whether the package can be loaded
Result: ERROR Loading this package had a fatal error status code 1 Loading log: Error: package or namespace load failed for ‘geodl’: .onLoad failed in loadNamespace() for 'torch', details: call: inst_path() error: torch cannot write into '/home/hornik/tmp/R.check/r-patched-gcc/Work/build/Packages/torch/'. Execution halted Flavor: r-patched-linux-x86_64

Version: 0.2.0
Check: whether the package can be loaded
Result: ERROR Loading this package had a fatal error status code 1 Loading log: Error: package or namespace load failed for ‘geodl’: .onLoad failed in loadNamespace() for 'torch', details: call: inst_path() error: torch cannot write into '/home/hornik/tmp/R.check/r-release-gcc/Work/build/Packages/torch/'. Execution halted Flavor: r-release-linux-x86_64