CRAN Package Check Results for Package etrunct

Last updated on 2025-07-05 05:50:26 CEST.

Flavor Version Tinstall Tcheck Ttotal Status Flags
r-devel-linux-x86_64-debian-clang 0.1 1.43 18.15 19.58 NOTE
r-devel-linux-x86_64-debian-gcc 0.1 1.35 15.10 16.45 NOTE
r-devel-linux-x86_64-fedora-clang 0.1 30.10 OK
r-devel-linux-x86_64-fedora-gcc 0.1 29.05 OK
r-devel-windows-x86_64 0.1 3.00 39.00 42.00 OK
r-patched-linux-x86_64 0.1 1.63 17.29 18.92 OK
r-release-linux-x86_64 0.1 1.49 16.98 18.47 OK
r-release-macos-arm64 0.1 15.00 OK
r-release-macos-x86_64 0.1 23.00 OK
r-release-windows-x86_64 0.1 2.00 38.00 40.00 OK
r-oldrel-macos-arm64 0.1 17.00 NOTE
r-oldrel-macos-x86_64 0.1 19.00 NOTE
r-oldrel-windows-x86_64 0.1 3.00 42.00 45.00 NOTE

Check Details

Version: 0.1
Check: CRAN incoming feasibility
Result: NOTE Maintainer: ‘Matthew Stephens <mstephens@uchicago.edu>’ No Authors@R field in DESCRIPTION. Please add one, modifying Authors@R: person(given = "Matthew", family = "Stephens", role = c("aut", "cre"), email = "mstephens@uchicago.edu") as necessary. Flavors: r-devel-linux-x86_64-debian-clang, r-devel-linux-x86_64-debian-gcc

Version: 0.1
Check: LazyData
Result: NOTE 'LazyData' is specified without a 'data' directory Flavors: r-oldrel-macos-arm64, r-oldrel-macos-x86_64, r-oldrel-windows-x86_64