Last updated on 2025-07-05 05:50:25 CEST.
Flavor | Version | Tinstall | Tcheck | Ttotal | Status | Flags |
---|---|---|---|---|---|---|
r-devel-linux-x86_64-debian-clang | 0.4-6 | 10.91 | 286.42 | 297.33 | NOTE | |
r-devel-linux-x86_64-debian-gcc | 0.4-6 | 6.72 | 189.49 | 196.21 | NOTE | |
r-devel-linux-x86_64-fedora-clang | 0.4-6 | 483.89 | OK | |||
r-devel-linux-x86_64-fedora-gcc | 0.4-6 | 508.80 | OK | |||
r-devel-windows-x86_64 | 0.4-6 | 11.00 | 491.00 | 502.00 | OK | |
r-patched-linux-x86_64 | 0.4-6 | 10.76 | 292.38 | 303.14 | OK | |
r-release-linux-x86_64 | 0.4-6 | 8.70 | 292.76 | 301.46 | OK | |
r-release-macos-arm64 | 0.4-6 | 149.00 | OK | |||
r-release-macos-x86_64 | 0.4-6 | 415.00 | OK | |||
r-release-windows-x86_64 | 0.4-6 | 11.00 | 525.00 | 536.00 | OK | |
r-oldrel-macos-arm64 | 0.4-6 | 138.00 | OK | |||
r-oldrel-macos-x86_64 | 0.4-6 | 312.00 | OK | |||
r-oldrel-windows-x86_64 | 0.4-6 | 14.00 | 540.00 | 554.00 | OK |
Version: 0.4-6
Check: CRAN incoming feasibility
Result: NOTE
Maintainer: ‘Peter Solymos <psolymos@gmail.com>’
No Authors@R field in DESCRIPTION.
Please add one, modifying
Authors@R: c(person(given = "Peter",
family = "Solymos",
role = c("cre", "aut"),
email = "psolymos@gmail.com"),
person(given = "Monica",
family = "Moreno",
role = "aut"),
person(given = c("Subhash", "R."),
family = "Lele",
role = "aut"))
as necessary.
Flavors: r-devel-linux-x86_64-debian-clang, r-devel-linux-x86_64-debian-gcc