Last updated on 2025-07-05 05:50:25 CEST.
Flavor | Version | Tinstall | Tcheck | Ttotal | Status | Flags |
---|---|---|---|---|---|---|
r-devel-linux-x86_64-debian-clang | 0.5.0 | 6.53 | 1045.80 | 1052.33 | OK | |
r-devel-linux-x86_64-debian-gcc | 0.5.0 | 4.70 | 810.54 | 815.24 | OK | |
r-devel-linux-x86_64-fedora-clang | 0.5.0 | 1226.61 | OK | |||
r-devel-linux-x86_64-fedora-gcc | 0.5.0 | 969.75 | OK | |||
r-devel-windows-x86_64 | 0.5.0 | 9.00 | 460.00 | 469.00 | OK | |
r-patched-linux-x86_64 | 0.5.0 | 7.73 | 686.56 | 694.29 | OK | |
r-release-linux-x86_64 | 0.5.0 | 6.61 | 686.86 | 693.47 | OK | |
r-release-macos-arm64 | 0.5.0 | 220.00 | OK | |||
r-release-macos-x86_64 | 0.5.0 | 481.00 | OK | |||
r-release-windows-x86_64 | 0.5.0 | 11.00 | 469.00 | 480.00 | OK | |
r-oldrel-macos-arm64 | 0.5.0 | 176.00 | NOTE | |||
r-oldrel-macos-x86_64 | 0.5.0 | 317.00 | NOTE | |||
r-oldrel-windows-x86_64 | 0.5.0 | 12.00 | 601.00 | 613.00 | OK |
Version: 0.5.0
Check: package dependencies
Result: NOTE
Package suggested but not available for checking: ‘OSAT’
Flavors: r-oldrel-macos-arm64, r-oldrel-macos-x86_64