Last updated on 2025-07-05 05:50:25 CEST.
Flavor | Version | Tinstall | Tcheck | Ttotal | Status | Flags |
---|---|---|---|---|---|---|
r-devel-linux-x86_64-debian-clang | 0.1.1 | 2.22 | 54.81 | 57.03 | OK | |
r-devel-linux-x86_64-debian-gcc | 0.1.1 | 1.87 | 40.82 | 42.69 | OK | |
r-devel-linux-x86_64-fedora-clang | 0.1.1 | 87.72 | NOTE | |||
r-devel-linux-x86_64-fedora-gcc | 0.1.1 | 98.25 | NOTE | |||
r-devel-windows-x86_64 | 0.1.1 | 4.00 | 71.00 | 75.00 | OK | |
r-patched-linux-x86_64 | 0.1.1 | 2.55 | 51.08 | 53.63 | OK | |
r-release-linux-x86_64 | 0.1.1 | 2.22 | 50.90 | 53.12 | OK | |
r-release-macos-arm64 | 0.1.1 | 40.00 | OK | |||
r-release-macos-x86_64 | 0.1.1 | 68.00 | OK | |||
r-release-windows-x86_64 | 0.1.1 | 4.00 | 70.00 | 74.00 | OK | |
r-oldrel-macos-arm64 | 0.1.1 | 36.00 | OK | |||
r-oldrel-macos-x86_64 | 0.1.1 | 55.00 | OK | |||
r-oldrel-windows-x86_64 | 0.1.1 | 5.00 | 84.00 | 89.00 | OK |
Version: 0.1.1
Check: dependencies in R code
Result: NOTE
Namespaces in Imports field not imported from:
‘MASS’ ‘qpdf’
All declared Imports should be used.
Flavors: r-devel-linux-x86_64-fedora-clang, r-devel-linux-x86_64-fedora-gcc