Last updated on 2025-07-05 05:50:25 CEST.
Flavor | Version | Tinstall | Tcheck | Ttotal | Status | Flags |
---|---|---|---|---|---|---|
r-devel-linux-x86_64-debian-clang | 1.0.4 | 97.26 | 32.71 | 129.97 | OK | |
r-devel-linux-x86_64-debian-gcc | 1.0.4 | 78.37 | 31.00 | 109.37 | OK | |
r-devel-linux-x86_64-fedora-clang | 1.0.4 | 219.56 | OK | |||
r-devel-linux-x86_64-fedora-gcc | 1.0.4 | 238.61 | OK | |||
r-devel-windows-x86_64 | 1.0.4 | 109.00 | 82.00 | 191.00 | OK | |
r-patched-linux-x86_64 | 1.0.4 | 108.22 | 38.47 | 146.69 | OK | |
r-release-linux-x86_64 | 1.0.4 | 102.16 | 38.43 | 140.59 | OK | |
r-release-macos-arm64 | 1.0.4 | 54.00 | OK | |||
r-release-macos-x86_64 | 1.0.4 | 100.00 | OK | |||
r-release-windows-x86_64 | 1.0.4 | 109.00 | 84.00 | 193.00 | OK | |
r-oldrel-macos-arm64 | 1.0.4 | 45.00 | NOTE | |||
r-oldrel-macos-x86_64 | 1.0.4 | 58.00 | NOTE | |||
r-oldrel-windows-x86_64 | 1.0.4 | 127.00 | 93.00 | 220.00 | NOTE |
Version: 1.0.4
Check: installed package size
Result: NOTE
installed size is 37.4Mb
sub-directories of 1Mb or more:
libs 37.3Mb
Flavors: r-oldrel-macos-arm64, r-oldrel-macos-x86_64
Version: 1.0.4
Check: for GNU extensions in Makefiles
Result: NOTE
GNU make is a SystemRequirements.
Flavors: r-oldrel-macos-arm64, r-oldrel-macos-x86_64, r-oldrel-windows-x86_64