CRAN Package Check Results for Package cutoff

Last updated on 2025-07-05 05:50:25 CEST.

Flavor Version Tinstall Tcheck Ttotal Status Flags
r-devel-linux-x86_64-debian-clang 1.3 2.13 27.03 29.16 OK
r-devel-linux-x86_64-debian-gcc 1.3 1.89 20.45 22.34 OK
r-devel-linux-x86_64-fedora-clang 1.3 44.52 OK
r-devel-linux-x86_64-fedora-gcc 1.3 42.81 OK
r-devel-windows-x86_64 1.3 3.00 49.00 52.00 OK
r-patched-linux-x86_64 1.3 2.53 25.56 28.09 OK
r-release-linux-x86_64 1.3 2.24 25.23 27.47 OK
r-release-macos-arm64 1.3 20.00 OK
r-release-macos-x86_64 1.3 31.00 OK
r-release-windows-x86_64 1.3 4.00 49.00 53.00 OK
r-oldrel-macos-arm64 1.3 17.00 NOTE
r-oldrel-macos-x86_64 1.3 25.00 NOTE
r-oldrel-windows-x86_64 1.3 6.00 54.00 60.00 NOTE

Check Details

Version: 1.3
Check: LazyData
Result: NOTE 'LazyData' is specified without a 'data' directory Flavors: r-oldrel-macos-arm64, r-oldrel-macos-x86_64, r-oldrel-windows-x86_64