CRAN Package Check Results for Package cusum

Last updated on 2025-07-05 05:50:25 CEST.

Flavor Version Tinstall Tcheck Ttotal Status Flags
r-devel-linux-x86_64-debian-clang 0.4.1 12.79 83.13 95.92 NOTE
r-devel-linux-x86_64-debian-gcc 0.4.1 8.82 57.46 66.28 NOTE
r-devel-linux-x86_64-fedora-clang 0.4.1 156.19 NOTE
r-devel-linux-x86_64-fedora-gcc 0.4.1 154.44 NOTE
r-devel-windows-x86_64 0.4.1 15.00 102.00 117.00 NOTE
r-patched-linux-x86_64 0.4.1 11.86 75.76 87.62 NOTE
r-release-linux-x86_64 0.4.1 11.66 75.12 86.78 NOTE
r-release-macos-arm64 0.4.1 58.00 NOTE
r-release-macos-x86_64 0.4.1 90.00 NOTE
r-release-windows-x86_64 0.4.1 16.00 108.00 124.00 NOTE
r-oldrel-macos-arm64 0.4.1 48.00 NOTE
r-oldrel-macos-x86_64 0.4.1 72.00 NOTE
r-oldrel-windows-x86_64 0.4.1 18.00 127.00 145.00 NOTE

Check Details

Version: 0.4.1
Check: C++ specification
Result: NOTE Specified C++11: please drop specification unless essential Flavors: r-devel-linux-x86_64-debian-clang, r-devel-linux-x86_64-debian-gcc, r-devel-linux-x86_64-fedora-clang, r-devel-linux-x86_64-fedora-gcc, r-devel-windows-x86_64, r-patched-linux-x86_64, r-release-linux-x86_64, r-release-macos-arm64, r-release-macos-x86_64, r-release-windows-x86_64, r-oldrel-macos-arm64, r-oldrel-macos-x86_64, r-oldrel-windows-x86_64