Last updated on 2025-07-05 05:50:25 CEST.
Flavor | Version | Tinstall | Tcheck | Ttotal | Status | Flags |
---|---|---|---|---|---|---|
r-devel-linux-x86_64-debian-clang | 0.2-2 | 21.67 | 57.25 | 78.92 | NOTE | |
r-devel-linux-x86_64-debian-gcc | 0.2-2 | 14.25 | 41.85 | 56.10 | NOTE | |
r-devel-linux-x86_64-fedora-clang | 0.2-2 | 144.25 | OK | |||
r-devel-linux-x86_64-fedora-gcc | 0.2-2 | 138.49 | OK | |||
r-devel-windows-x86_64 | 0.2-2 | 34.00 | 226.00 | 260.00 | OK | |
r-patched-linux-x86_64 | 0.2-2 | 20.76 | 56.86 | 77.62 | OK | |
r-release-linux-x86_64 | 0.2-2 | 19.01 | 56.62 | 75.63 | OK | |
r-release-macos-arm64 | 0.2-2 | 38.00 | OK | |||
r-release-macos-x86_64 | 0.2-2 | 67.00 | OK | |||
r-release-windows-x86_64 | 0.2-2 | 35.00 | 189.00 | 224.00 | OK | |
r-oldrel-macos-arm64 | 0.2-2 | 39.00 | OK | |||
r-oldrel-macos-x86_64 | 0.2-2 | 56.00 | OK | |||
r-oldrel-windows-x86_64 | 0.2-2 | 39.00 | 213.00 | 252.00 | OK |
Version: 0.2-2
Check: CRAN incoming feasibility
Result: NOTE
Maintainer: ‘Jonas M. B. Haslbeck <jonas.haslbeck@gmail.com>’
No Authors@R field in DESCRIPTION.
Please add one, modifying
Authors@R: c(person(given = c("Jonas", "M.", "B."),
family = "Haslbeck",
role = c("aut", "cre"),
email = "jonas.haslbeck@gmail.com"),
person(given = c("Dirk", "U."),
family = "Wulff",
role = "aut"))
as necessary.
Flavors: r-devel-linux-x86_64-debian-clang, r-devel-linux-x86_64-debian-gcc