Last updated on 2025-07-05 05:50:24 CEST.
Flavor | Version | Tinstall | Tcheck | Ttotal | Status | Flags |
---|---|---|---|---|---|---|
r-devel-linux-x86_64-debian-clang | 0.4.0 | 49.55 | 332.48 | 382.03 | OK | |
r-devel-linux-x86_64-debian-gcc | 0.4.0 | 33.65 | 230.39 | 264.04 | OK | |
r-devel-linux-x86_64-fedora-clang | 0.4.0 | 586.33 | OK | |||
r-devel-linux-x86_64-fedora-gcc | 0.4.0 | 575.48 | OK | |||
r-devel-windows-x86_64 | 0.4.0 | 56.00 | 337.00 | 393.00 | OK | |
r-patched-linux-x86_64 | 0.4.0 | 48.85 | 340.26 | 389.11 | OK | |
r-release-linux-x86_64 | 0.4.0 | 44.77 | 341.04 | 385.81 | OK | |
r-release-macos-arm64 | 0.4.0 | 328.00 | OK | |||
r-release-macos-x86_64 | 0.4.0 | 339.00 | OK | |||
r-release-windows-x86_64 | 0.4.0 | 57.00 | 343.00 | 400.00 | OK | |
r-oldrel-macos-arm64 | 0.4.0 | 242.00 | NOTE | |||
r-oldrel-macos-x86_64 | 0.4.0 | 292.00 | NOTE | |||
r-oldrel-windows-x86_64 | 0.4.0 | 68.00 | 462.00 | 530.00 | OK |
Version: 0.4.0
Check: installed package size
Result: NOTE
installed size is 5.3Mb
sub-directories of 1Mb or more:
doc 1.6Mb
libs 2.9Mb
Flavors: r-oldrel-macos-arm64, r-oldrel-macos-x86_64