Last updated on 2025-07-05 05:50:24 CEST.
Flavor | Version | Tinstall | Tcheck | Ttotal | Status | Flags |
---|---|---|---|---|---|---|
r-devel-linux-x86_64-debian-clang | 0.0.2 | 2.30 | 39.76 | 42.06 | NOTE | |
r-devel-linux-x86_64-debian-gcc | 0.0.2 | 1.77 | 30.62 | 32.39 | NOTE | |
r-devel-linux-x86_64-fedora-clang | 0.0.2 | 62.76 | OK | |||
r-devel-linux-x86_64-fedora-gcc | 0.0.2 | 74.96 | OK | |||
r-devel-windows-x86_64 | 0.0.2 | 3.00 | 92.00 | 95.00 | OK | |
r-patched-linux-x86_64 | 0.0.2 | 2.52 | 38.52 | 41.04 | OK | |
r-release-linux-x86_64 | 0.0.2 | 2.36 | 38.15 | 40.51 | OK | |
r-release-macos-arm64 | 0.0.2 | 35.00 | OK | |||
r-release-macos-x86_64 | 0.0.2 | 65.00 | OK | |||
r-release-windows-x86_64 | 0.0.2 | 3.00 | 0.00 | 3.00 | FAIL | |
r-oldrel-macos-x86_64 | 0.0.2 | 51.00 | NOTE | |||
r-oldrel-windows-x86_64 | 0.0.2 | 3.00 | 91.00 | 94.00 | NOTE |
Version: 0.0.2
Check: CRAN incoming feasibility
Result: NOTE
Maintainer: ‘Kellie Archer <archer.43@osu.edu>’
Package CITATION file contains call(s) to old-style personList() or
as.personList(). Please use c() on person objects instead.
Package CITATION file contains call(s) to old-style citEntry(). Please
use bibentry() instead.
Flavors: r-devel-linux-x86_64-debian-clang, r-devel-linux-x86_64-debian-gcc
Version: 0.0.2
Check: re-building of vignette outputs
Result: FAIL
Check process probably crashed or hung up for 20 minutes ... killed
Most likely this happened in the example checks (?),
if not, ignore the following last lines of example output:
> predict(nb, model.select="AIC")
[1] 0.8124834 1.1126634 12.5157933 5.3966385 0.4557509 0.8038833
[7] 4.3926692 1.2638536 1.5527384 0.6368496 0.6630951 1.0844262
[13] 0.7819300 1.3027919 0.9306100 0.9941117 0.4777688 3.0355802
[19] 0.3295474 2.4917650 1.7237758 0.6859192 4.0807393 0.9098051
[25] 2.4434522 0.6955639 3.1293931 0.8772035 0.6944305 8.2339895
[31] 3.1521917 25.6212106 2.8207940 1.0263161 0.7530643 6.8472741
[37] 5.9574865 0.7769304 0.5347037 0.8558051 0.5886722 2.2107180
[43] 2.4553333 2.4876165 0.6936078 0.5088350 0.9715804 3.4843226
[49] 4.1568790 0.9090801
> plot(predict(nb, model.select="AIC"), y)
> plot(nb)
>
>
>
> ### * <FOOTER>
> ###
> cleanEx()
> options(digits = 7L)
> base::cat("Time elapsed: ", proc.time() - base::get("ptime", pos = 'CheckExEnv'),"\n")
Time elapsed: 4.52 3.62 8.14 NA NA
> grDevices::dev.off()
null device
1
> ###
> ### Local variables: ***
> ### mode: outline-minor ***
> ### outline-regexp: "\\(> \\)?### [*]+" ***
> ### End: ***
> quit('no')
======== End of example output (where/before crash/hang up occured ?) ========
Flavor: r-release-windows-x86_64
Version: 0.0.2
Check: LazyData
Result: NOTE
'LazyData' is specified without a 'data' directory
Flavors: r-oldrel-macos-x86_64, r-oldrel-windows-x86_64