CRAN Package Check Results for Package cometExactTest

Last updated on 2025-07-04 05:49:18 CEST.

Flavor Version Tinstall Tcheck Ttotal Status Flags
r-devel-linux-x86_64-debian-clang 0.1.5 4.40 32.48 36.88 NOTE
r-devel-linux-x86_64-debian-gcc 0.1.5 3.58 25.24 28.82 NOTE
r-devel-linux-x86_64-fedora-clang 0.1.5 56.92 NOTE
r-devel-linux-x86_64-fedora-gcc 0.1.5 52.72 NOTE
r-devel-windows-x86_64 0.1.5 8.00 51.00 59.00 OK
r-patched-linux-x86_64 0.1.5 4.55 30.21 34.76 NOTE
r-release-linux-x86_64 0.1.5 4.19 30.71 34.90 NOTE
r-release-macos-arm64 0.1.5 26.00 OK
r-release-macos-x86_64 0.1.5 43.00 OK
r-release-windows-x86_64 0.1.5 10.00 52.00 62.00 OK
r-oldrel-macos-arm64 0.1.5 22.00 OK
r-oldrel-macos-x86_64 0.1.5 34.00 OK
r-oldrel-windows-x86_64 0.1.5 10.00 58.00 68.00 OK

Check Details

Version: 0.1.5
Check: for non-standard things in the check directory
Result: NOTE Found the following files/directories: ‘cometExactTest_plot.pdf’ Flavors: r-devel-linux-x86_64-debian-clang, r-devel-linux-x86_64-debian-gcc, r-devel-linux-x86_64-fedora-clang, r-devel-linux-x86_64-fedora-gcc, r-patched-linux-x86_64, r-release-linux-x86_64