Last updated on 2025-07-04 05:49:18 CEST.
Flavor | Version | Tinstall | Tcheck | Ttotal | Status | Flags |
---|---|---|---|---|---|---|
r-devel-linux-x86_64-debian-clang | 0.5.5 | 47.31 | 77.22 | 124.53 | NOTE | |
r-devel-linux-x86_64-debian-gcc | 0.5.5 | 33.48 | 58.70 | 92.18 | NOTE | |
r-devel-linux-x86_64-fedora-clang | 0.5.5 | 219.61 | OK | |||
r-devel-linux-x86_64-fedora-gcc | 0.5.5 | 219.72 | OK | |||
r-devel-windows-x86_64 | 0.5.5 | 58.00 | 119.00 | 177.00 | OK | |
r-patched-linux-x86_64 | 0.5.5 | 50.89 | 73.18 | 124.07 | OK | |
r-release-linux-x86_64 | 0.5.5 | 49.48 | 73.12 | 122.60 | OK | |
r-release-macos-arm64 | 0.5.5 | 84.00 | OK | |||
r-release-macos-x86_64 | 0.5.5 | 100.00 | OK | |||
r-release-windows-x86_64 | 0.5.5 | 59.00 | 118.00 | 177.00 | OK | |
r-oldrel-macos-arm64 | 0.5.5 | 71.00 | OK | |||
r-oldrel-macos-x86_64 | 0.5.5 | 87.00 | OK | |||
r-oldrel-windows-x86_64 | 0.5.5 | 70.00 | 141.00 | 211.00 | OK |
Version: 0.5.5
Check: CRAN incoming feasibility
Result: NOTE
Maintainer: ‘Martí Renedo Mirambell <marti.renedo@gmail.com>’
No Authors@R field in DESCRIPTION.
Please add one, modifying
Authors@R: person(given = c("Martí", "Renedo"),
family = "Mirambell",
role = c("aut", "cre"),
email = "marti.renedo@gmail.com")
as necessary.
Flavors: r-devel-linux-x86_64-debian-clang, r-devel-linux-x86_64-debian-gcc