CRAN Package Check Results for Package beyondWhittle

Last updated on 2025-07-05 05:50:23 CEST.

Flavor Version Tinstall Tcheck Ttotal Status Flags
r-devel-linux-x86_64-debian-clang 1.3.0 105.42 157.22 262.64 OK
r-devel-linux-x86_64-debian-gcc 1.3.0 75.50 89.50 165.00 OK
r-devel-linux-x86_64-fedora-clang 1.3.0 481.25 OK
r-devel-linux-x86_64-fedora-gcc 1.3.0 423.76 OK
r-devel-windows-x86_64 1.3.0 122.00 191.00 313.00 OK
r-patched-linux-x86_64 1.3.0 109.52 141.82 251.34 OK
r-release-linux-x86_64 1.3.0 104.69 141.21 245.90 OK
r-release-macos-arm64 1.3.0 118.00 OK
r-release-macos-x86_64 1.3.0 168.00 OK
r-release-windows-x86_64 1.3.0 124.00 189.00 313.00 OK
r-oldrel-macos-arm64 1.3.0 92.00 NOTE
r-oldrel-macos-x86_64 1.3.0 143.00 NOTE
r-oldrel-windows-x86_64 1.3.0 150.00 240.00 390.00 OK

Check Details

Version: 1.3.0
Check: installed package size
Result: NOTE installed size is 5.6Mb sub-directories of 1Mb or more: libs 5.2Mb Flavors: r-oldrel-macos-arm64, r-oldrel-macos-x86_64