Last updated on 2025-07-05 05:50:22 CEST.
Flavor | Version | Tinstall | Tcheck | Ttotal | Status | Flags |
---|---|---|---|---|---|---|
r-devel-linux-x86_64-debian-clang | 1.0.5 | 34.72 | 117.22 | 151.94 | OK | |
r-devel-linux-x86_64-debian-gcc | 1.0.5 | 25.23 | 79.48 | 104.71 | OK | |
r-devel-linux-x86_64-fedora-clang | 1.0.5 | 255.86 | OK | |||
r-devel-linux-x86_64-fedora-gcc | 1.0.5 | 244.81 | OK | |||
r-devel-windows-x86_64 | 1.0.5 | 39.00 | 130.00 | 169.00 | OK | |
r-patched-linux-x86_64 | 1.0.5 | 34.06 | 109.61 | 143.67 | OK | |
r-release-linux-x86_64 | 1.0.5 | 31.29 | 109.58 | 140.87 | OK | |
r-release-macos-arm64 | 1.0.3 | 61.00 | OK | |||
r-release-macos-x86_64 | 1.0.5 | 81.00 | OK | |||
r-release-windows-x86_64 | 1.0.5 | 40.00 | 133.00 | 173.00 | OK | |
r-oldrel-macos-arm64 | 1.0.3 | 68.00 | NOTE | |||
r-oldrel-macos-x86_64 | 1.0.5 | 88.00 | NOTE | |||
r-oldrel-windows-x86_64 | 1.0.5 | 53.00 | 169.00 | 222.00 | NOTE |
Version: 1.0.3
Check: DESCRIPTION meta-information
Result: NOTE
Package listed in more than one of Depends, Imports, Suggests, Enhances:
‘data.table’
A package should be listed in only one of these fields.
Flavor: r-oldrel-macos-arm64
Version: 1.0.5
Check: DESCRIPTION meta-information
Result: NOTE
Package listed in more than one of Depends, Imports, Suggests, Enhances:
‘data.table’
A package should be listed in only one of these fields.
Flavors: r-oldrel-macos-x86_64, r-oldrel-windows-x86_64