Last updated on 2025-07-05 05:50:22 CEST.
Flavor | Version | Tinstall | Tcheck | Ttotal | Status | Flags |
---|---|---|---|---|---|---|
r-devel-linux-x86_64-debian-clang | 0.6.0 | 2.17 | 26.95 | 29.12 | NOTE | |
r-devel-linux-x86_64-debian-gcc | 0.6.0 | 1.73 | 22.66 | 24.39 | NOTE | |
r-devel-linux-x86_64-fedora-clang | 0.6.0 | 42.71 | OK | |||
r-devel-linux-x86_64-fedora-gcc | 0.6.0 | 41.16 | OK | |||
r-devel-windows-x86_64 | 0.6.0 | 6.00 | 69.00 | 75.00 | OK | |
r-patched-linux-x86_64 | 0.6.0 | 2.34 | 24.28 | 26.62 | OK | |
r-release-linux-x86_64 | 0.6.0 | 2.07 | 24.06 | 26.13 | OK | |
r-release-macos-arm64 | 0.6.0 | 36.00 | OK | |||
r-release-macos-x86_64 | 0.6.0 | 36.00 | OK | |||
r-release-windows-x86_64 | 0.6.0 | 5.00 | 68.00 | 73.00 | OK | |
r-oldrel-macos-arm64 | 0.6.0 | 27.00 | OK | |||
r-oldrel-macos-x86_64 | 0.6.0 | 32.00 | OK | |||
r-oldrel-windows-x86_64 | 0.6.0 | 6.00 | 71.00 | 77.00 | OK |
Version: 0.6.0
Check: CRAN incoming feasibility
Result: NOTE
Maintainer: ‘Jonathan Stott <jonathan.stott@magairports.com>’
Package CITATION file contains call(s) to old-style personList() or
as.personList(). Please use c() on person objects instead.
Package CITATION file contains call(s) to old-style citEntry(). Please
use bibentry() instead.
Flavors: r-devel-linux-x86_64-debian-clang, r-devel-linux-x86_64-debian-gcc