CRAN Package Check Results for Package armspp

Last updated on 2025-07-05 05:50:22 CEST.

Flavor Version Tinstall Tcheck Ttotal Status Flags
r-devel-linux-x86_64-debian-clang 0.0.2 19.69 29.97 49.66 NOTE
r-devel-linux-x86_64-debian-gcc 0.0.2 13.64 24.47 38.11 NOTE
r-devel-linux-x86_64-fedora-clang 0.0.2 92.71 NOTE
r-devel-linux-x86_64-fedora-gcc 0.0.2 97.53 NOTE
r-devel-windows-x86_64 0.0.2 23.00 69.00 92.00 NOTE
r-patched-linux-x86_64 0.0.2 20.57 28.43 49.00 NOTE
r-release-linux-x86_64 0.0.2 17.34 28.30 45.64 NOTE
r-release-macos-arm64 0.0.2 40.00 NOTE
r-release-macos-x86_64 0.0.2 60.00 NOTE
r-release-windows-x86_64 0.0.2 24.00 67.00 91.00 NOTE
r-oldrel-macos-arm64 0.0.2 36.00 NOTE
r-oldrel-macos-x86_64 0.0.2 59.00 NOTE
r-oldrel-windows-x86_64 0.0.2 28.00 79.00 107.00 NOTE

Check Details

Version: 0.0.2
Check: C++ specification
Result: NOTE Specified C++11: please drop specification unless essential Flavors: r-devel-linux-x86_64-debian-clang, r-devel-linux-x86_64-debian-gcc, r-devel-linux-x86_64-fedora-clang, r-devel-linux-x86_64-fedora-gcc, r-devel-windows-x86_64, r-patched-linux-x86_64, r-release-linux-x86_64, r-release-macos-arm64, r-release-macos-x86_64, r-release-windows-x86_64, r-oldrel-macos-arm64, r-oldrel-macos-x86_64, r-oldrel-windows-x86_64

Version: 0.0.2
Check: LazyData
Result: NOTE 'LazyData' is specified without a 'data' directory Flavors: r-oldrel-macos-arm64, r-oldrel-macos-x86_64, r-oldrel-windows-x86_64